-r*i = 4*u - 206 - 98. What is the units digit of i?
7
Let v(o) = o**3 - 4*o**2 - 3*o - 20. Suppose -2*w - 240 = -22*w. What is the tens digit of v(w)?
9
Suppose 4*o + 3*q + 9765 = 7*o, -2*q + 6 = 0. Suppose -11*p = -o + 266. What is the units digit of p?
2
Let d = 34 + 60. What is the units digit of (-1)/(-6)*(-9)/(-3)*d?
7
Let j(y) = 2 - 2 + 4 - 2*y - 2. Let x be j(-1). Suppose -3*n + 128 = x*u, -3*u - 3*n - 23 = -119. What is the units digit of u?
2
Let g = -167 - -192. Suppose -19*m + g*m = 3690. What is the tens digit of m?
1
Let v = -21302 + 21416. Let n = 262 + 88. Suppose 5*o - 231 = -5*z + v, 5*z + 4*o = n. What is the tens digit of z?
7
Suppose 42*t + 519 = 45*t. Let y = 137 + t. What is the units digit of y?
0
Let z(m) = -m - m - m**2 - 5*m**3 - 6*m + 7*m. Let s be z(-1). Suppose 3*t + d = -0*d + 124, -s*t + 206 = d. What is the tens digit of t?
4
Let a(t) = -5 - 10 + 6 - 4 + 9*t. Let v be 34/8 + 4/(-16). What is the units digit of a(v)?
3
Suppose -10362 = -4*a + 5*z, a = 4*z - 1059 + 3655. What is the thousands digit of a?
2
Let q(r) = r**3 - r**2 + r + 223. Let b = -13 - -9. Let h be 5/15 + (4/3)/b. What is the tens digit of q(h)?
2
Suppose 5*n + 0*n = -4*u - 36, -20 = 2*n + 3*u. What is the units digit of (-32)/(-40)*(-430)/n?
6
Let l(y) = -13*y - 36. Let b be l(-3). What is the tens digit of (981/(-18))/(b/(-2) - -1)?
0
Let s(q) = 5 + 0*q - 3 - 5*q. Let l be s(1). Let r(f) = 3*f**2 - 6*f + 3. What is the tens digit of r(l)?
4
Suppose 199*d = 153*d + 746729 - 25449. What is the units digit of d?
0
Suppose 35*t = 164871 + 218309. Suppose 146*n - 169*n = -t. What is the hundreds digit of n?
4
Let q = 35586 + -20058. What is the tens digit of q?
2
Suppose -26779*o = -26818*o + 1610895. What is the hundreds digit of o?
3
Let b = 50652 + -30110. What is the units digit of b?
2
Let v(a) = a**3 + a**2 - a + 27. Let o be v(0). Let t = o - 20. Suppose -b = t - 143. What is the units digit of b?
6
Let p(q) = 78*q**2 + 6*q - 2. Let y(a) be the second derivative of a**4/12 + a**3/6 - 15*a. Let w(o) = p(o) - 3*y(o). What is the tens digit of w(1)?
7
Let g(h) = -2*h**3 + h - 1. Let o(z) = 11*z**3 + 19*z**2 - 55*z - 15. Let k(v) = -5*g(v) - o(v). What is the tens digit of k(-22)?
7
What is the hundreds digit of 1/((-35)/(-1257475)) - (4 + (-87)/21)?
9
Let y(o) = -o + 9. Let x be y(24). Let a(h) = -16*h + 46. What is the tens digit of a(x)?
8
Let a(u) = -u**3 - u**2 - u + 7. Let k be a(0). Suppose -k*r + 99 = 2745. What is the units digit of 6/4 - r/12?
3
Let p be (-4)/2*6/(-2). Suppose 4*z - 4 = p*z. What is the units digit of (416/(-80))/(z/20)?
2
What is the hundreds digit of (10294/(-8) - 21/84)*-6?
7
Let i(y) = 24*y**3 + y**2 + 3*y + 1. Let f be i(4). Let d = f + -1050. What is the units digit of d?
5
Suppose -3*i - 3605 = -4*m + 24, -3*m = 3*i - 2706. Suppose 0 = -3*b + m + 2995. What is the units digit of 2/(-3) + b/15?
6
Let k(u) = 3*u + 27. Let l be k(-9). Suppose -8*i + l*i = 128. What is the tens digit of (i/(-2))/(14/21 + 0)?
1
Let k = 2807 + -1583. What is the hundreds digit of k?
2
Let r(l) be the second derivative of 31*l**3/6 + 15*l**2 + 54*l. What is the units digit of r(15)?
5
What is the units digit of 30 + -32 - -1*(17039 + 2)?
9
Let r(d) = 4*d**2 + 20*d + 30. Let v be 8*-1*(-9)/(-12). What is the units digit of r(v)?
4
Let f = -88 + 90. What is the units digit of 1*(f - (0 + -82))?
4
Let o be (-1 - 19*268) + 25 + -21. Let u = -3557 - o. What is the units digit of u?
2
Let z(v) = 3*v**2 - 13*v + 15. Let u = -84 + 87. Suppose -70 + 17 = -5*h - 2*n, -5*h - u*n = -57. What is the units digit of z(h)?
1
Let v(j) = -1710*j + 1907. What is the units digit of v(-4)?
7
What is the units digit of 75475 - (4/8*2)/((-8)/72)?
4
Let i(c) = c - 10. Let x(m) = 4*m - 41. Let w(r) = 9*i(r) - 2*x(r). Let y be w(10). Let u(l) = 5*l + 4. What is the units digit of u(y)?
4
Suppose p - 28 = -2*x - 31, -x - 4 = 0. Let t = 7 + -11. What is the units digit of 2 + 61 + t + p?
4
Let x(d) = 1013*d**2 - 115*d - 448. What is the hundreds digit of x(-7)?
9
Suppose 0 = -4*u - 16*u + 122100 - 22880. What is the tens digit of u?
6
Suppose -67*y + 66*y = 3. Let p be (-1)/(4/2) - y/(-2). Let u(z) = 16*z**2 - 8*z - 13. What is the tens digit of u(p)?
6
Suppose 62 - 234 = -m. Suppose -539 - m = -3*c. Let r = c + -124. What is the units digit of r?
3
Let n(q) = -21*q + 20. Let c = -58 + 53. Let o be -3 + -1 + 4/(c - -3). What is the tens digit of n(o)?
4
Suppose -16*n - 6*n = 176. What is the hundreds digit of (4 + -5)*(n - 494)?
5
Suppose u - 5*m = -0*u + 11, -u - 21 = 3*m. Let h(t) = -29*t - 80. What is the units digit of h(u)?
1
Let z(g) = -4*g - 1. Let t be z(-1). Suppose -d - 3*d - 144 = 3*w, 5*d + t*w = -183. Let r = 42 + d. What is the units digit of r?
3
Let s = -2464 - -6407. What is the units digit of s?
3
Let q = 60 - 20. Suppose 3*j + 230 = -q. Let s = 57 - j. What is the units digit of s?
7
Let n be 3 + 3*(-4)/(-6). Suppose -n*k - q + 26 = q, 5*q - 19 = -k. Suppose k*d = 264 - 56. What is the units digit of d?
2
Let q be 2 + -1 - (-95)/(9 - 4). Suppose q*a - 209 = a. Suppose -16*o = -a*o - 1040. What is the units digit of o?
8
Suppose 3*i - 2*j - 5676 = 0, -2*j = -9*i + 12*i - 5676. Suppose 59 + 406 = k + 5*s, 0 = -4*k - 4*s + i. What is the hundreds digit of k?
4
What is the ten thousands digit of (-1)/((-360864)/360846 - -1)?
2
Suppose h - 21774 = -3*a, -3*h - 28375 = -3*a - 6577. What is the thousands digit of a?
7
Suppose 472 + 38 = -3*y. Let c = -85 - y. What is the tens digit of c?
8
Suppose -274*x = -245*x - 325873. What is the tens digit of x?
3
Let f be 0 + ((-16)/8)/(4/18). Let p(w) = w**3 + 11*w**2 + 2*w + 1. What is the units digit of p(f)?
5
Suppose 14*g - 9*g - 540 = 0. Let o be ((-135)/g)/(1/(-212)). Suppose 3*r + 4*h + 422 = 1233, -4*h - o = -r. What is the tens digit of r?
6
Let t(d) = 4*d**2 - 7*d - 3. Let k(l) = -5 - 6 + 1 - 8*l + 312*l**2 - 313*l**2. Let r be k(-4). What is the tens digit of t(r)?
9
Suppose 0 = 4*n + 4*h - 60180, -33*h + 30*h + 75225 = 5*n. What is the thousands digit of n?
5
Let p be 16819/110 - -6 - (-2)/20. Suppose 4*r + p = 5899. What is the thousands digit of r?
1
Suppose s - 5*s - 713 = -3*o, o - 227 = -4*s. Let b = o + 31. What is the hundreds digit of b?
2
Let c = 24 - 15. Let w(k) = 14*k**2 + 46*k - 29. Let b(n) = 26*n**2 + 83*n - 58. Let s(g) = 6*b(g) - 11*w(g). What is the tens digit of s(c)?
6
Let v = -16201 - -31524. What is the thousands digit of v?
5
Let m = -6527 + 31209. What is the thousands digit of m?
4
Let z(r) = r**2 - 22*r + 25. Let a be z(18). Let l = a - -51. Suppose 0 = l*t - 9 - 3. What is the units digit of t?
3
Let y = 4885 - 3482. What is the units digit of y + (36/(-9) - -4)?
3
Let f be 2 - (7 + -2 - 4). Let j be f*(187 - 2)/(-5). What is the hundreds digit of (j - 3)/((-2)/5)?
1
Let l(z) = z**2 + 15*z + 21. Let j be l(-15). Suppose -3*o = 2*r + 12 + j, -4*r + o = 73. What is the hundreds digit of 1/(-6) - 3279/r?
1
Suppose -v = 2*a - 102, 0 = 4*a - 7*a + 12. Let x = v - 4. Suppose 0 = 3*i + 2*f - 23 - 247, i + 3*f = x. What is the units digit of i?
0
Let a = 54 + -49. Suppose a*j - 31 = -3*b, -j + 6 = 4*b - 7. Suppose 0 = 2*z - b, -3*z = q - 5*q + 513. What is the units digit of q?
9
Let y(v) = -32085*v + 1321. What is the ten thousands digit of y(-1)?
3
Let s(t) = t**2 - t - 9. Let n be s(-3). Let d be (2 - 2) + 18/(-6 + n). Let a = d + 37. What is the tens digit of a?
3
Suppose -213*f = -219*f + 5286. Let p = f - -323. What is the tens digit of p?
0
What is the hundreds digit of ((-150)/225)/(3/9 - (-45)/(-133))?
1
Let q = 2145 - 143. Let b = q + -1414. What is the hundreds digit of b?
5
Suppose 32*k - 72 = 29*k. Suppose k*o - 9 = 15*o. Suppose -468 = -3*n - 3*i, i - o = 4. What is the hundreds digit of n?
1
Let z(w) = -w**3 - 7*w**2 + w + 4. Let t be z(-6). Let q = -44 - t. What is the tens digit of 4*(231/12 + 3/q)?
7
What is the hundreds digit of -1 - 8 - (-5450 - -20)?
4
Let q = 26 - 38. Let m be -685 - (4*(-9)/q + 0). What is the units digit of (-5)/(-25) + m/(-10)*1?
9
Let o = -3333 + 1839. Let j = o + 2630. What is the units digit of j?
6
What is the tens digit of (1 + 5505)*((-4 - (-30)/5) + -1)?
0
Suppose 2*l + 160 = 5*c + 7*l, 0 = 5*c + l - 168. Suppose 0 = -o + 5*o 